{"id":467,"date":"2025-05-08T00:11:27","date_gmt":"2025-05-07T22:11:27","guid":{"rendered":"http:\/\/aevbts-test.myddns.me\/wordpress\/?page_id=467"},"modified":"2025-05-09T01:06:05","modified_gmt":"2025-05-08T23:06:05","slug":"nosotros","status":"publish","type":"page","link":"https:\/\/aevbts.org\/?page_id=467","title":{"rendered":"Nosotros"},"content":{"rendered":"<div data-colibri-id=\"467-c1\" class=\"style-424 style-local-467-c1 position-relative\">\n  <!---->\n  <div data-colibri-component=\"section\" data-colibri-id=\"467-c2\" id=\"blank\" class=\"h-section h-section-global-spacing d-flex align-items-lg-center align-items-md-center align-items-center style-441 style-local-467-c2 position-relative\">\n    <!---->\n    <!---->\n    <div class=\"h-section-grid-container h-section-boxed-container\">\n      <!---->\n      <div data-colibri-id=\"467-c3\" class=\"h-row-container gutters-row-lg-2 gutters-row-md-2 gutters-row-0 gutters-row-v-lg-2 gutters-row-v-md-2 gutters-row-v-2 style-442 style-local-467-c3 position-relative\">\n        <!---->\n        <div class=\"h-row justify-content-lg-center justify-content-md-center justify-content-center align-items-lg-stretch align-items-md-stretch align-items-stretch gutters-col-lg-2 gutters-col-md-2 gutters-col-0 gutters-col-v-lg-2 gutters-col-v-md-2 gutters-col-v-2\">\n          <!---->\n          <div class=\"h-column h-column-container d-flex h-col-lg-auto h-col-md-auto h-col-auto style-443-outer style-local-467-c4-outer\">\n            <div data-colibri-id=\"467-c4\" class=\"d-flex h-flex-basis h-column__inner h-px-lg-2 h-px-md-2 h-px-2 v-inner-lg-2 v-inner-md-2 v-inner-2 style-443 style-local-467-c4 position-relative\">\n              <!---->\n              <!---->\n              <div class=\"w-100 h-y-container h-column__content h-column__v-align flex-basis-100 align-self-lg-start align-self-md-start align-self-start\">\n                <!---->\n                <div data-colibri-id=\"467-c5\" class=\"d-block style-449 style-local-467-c5 position-relative h-element\">\n                  <!---->\n                  <div class=\"h-image__frame-container-outer\">\n                    <div class=\"h-image__frame-container\">\n                      <!---->\n                      <!---->\n                      <img loading=\"lazy\" decoding=\"async\" width=\"360\" height=\"453\" src=\"https:\/\/aevbts.org\/wp-content\/uploads\/2025\/05\/cropped-cropped-cropped-Imagen-de-WhatsApp-2025-05-07-a-las-23.34.03_e73c472f.jpg\" class=\"wp-image-601 style-449-image style-local-467-c5-image\" alt=\"\" srcset=\"https:\/\/aevbts.org\/wp-content\/uploads\/2025\/05\/cropped-cropped-cropped-Imagen-de-WhatsApp-2025-05-07-a-las-23.34.03_e73c472f.jpg 360w, https:\/\/aevbts.org\/wp-content\/uploads\/2025\/05\/cropped-cropped-cropped-Imagen-de-WhatsApp-2025-05-07-a-las-23.34.03_e73c472f-238x300.jpg 238w\" sizes=\"auto, (max-width: 360px) 100vw, 360px\" \/>\n                      <div class=\"h-image__frame h-hide-lg h-hide-md h-hide-sm style-449-frameImage style-local-467-c5-frameImage\"><\/div>\n                    <\/div>\n                  <\/div>\n                <\/div>\n              <\/div>\n            <\/div>\n          <\/div>\n          <div class=\"h-column h-column-container d-flex h-col-lg-auto h-col-md-auto h-col-auto style-444-outer style-local-467-c6-outer\">\n            <div data-colibri-id=\"467-c6\" class=\"d-flex h-flex-basis h-column__inner h-px-lg-2 h-px-md-2 h-px-2 v-inner-lg-2 v-inner-md-2 v-inner-2 style-444 style-local-467-c6 position-relative\">\n              <!---->\n              <!---->\n              <div class=\"w-100 h-y-container h-column__content h-column__v-align flex-basis-100 align-self-lg-start align-self-md-start align-self-start\">\n                <!---->\n                <div data-colibri-id=\"467-c7\" class=\"h-text h-text-component style-450 style-local-467-c7 position-relative h-element\">\n                  <!---->\n                  <!---->\n                  <div class=\"\">\n                    <p>Corr\u00eda el a\u00f1o 2020 y en plena pandemia, hubo un grupo de antiguos miembros del Cuerpo de Tropas de Socorro de Cruz Roja Espa\u00f1ola que tuvieron la idea de reunirse y de constituir una Asociaci\u00f3n de Veteranos en la que se reunieran aquellos\n                      hombres y mujeres que en su d\u00eda vistieran los uniformes del Cuerpo de Tropas de Socorro de Cruz Roja y de Cruz Roja del Mar.<\/p>\n                    <p>Ese 17 de septiembre de 2020, qued\u00f3 constituida nuestra Asociaci\u00f3n Espa\u00f1ola de Veteranos de las Brigadas de Tropas de Socorro, con un objetivo claro que no era y es otro que dar a conocer a la sociedad actual el trabajo que en aquellos\n                      a\u00f1os desde 1872 hasta 1988, realizaron estas personas, voluntaria y altruistamente, as\u00ed como el poner en el lugar que le corresponde a dicho trabajo y dichas personas.<\/p>\n                    <p>Desde entonces, la Asociaci\u00f3n ha ido creciendo y lo que en un principio fue una simple reuni\u00f3n de 3 personas, pronto fue tomando forma y actualmente, la Asociaci\u00f3n, tiene cerca de 100 socios, repartidos por toda la geograf\u00eda espa\u00f1ola,\n                      con una Sede Nacional en Zaragoza y Delegaciones de Zona en las distintas Comunidades Aut\u00f3nomas.<\/p>\n                    <p>Han pasado, hasta el momento de escribir estas l\u00edneas, casi cinco a\u00f1os y aparte del crecimiento de asociados, se han realizado infinidad de actos y se ha asistido invitados a decenas de actos organizados por otras Asociaciones o estamentos\n                      Civiles y Militares, en los cuales se nos tiene en buena estima y muy bien reconocidos.<\/p>\n                    <p>En junio de 2022 se nos concedi\u00f3 por parte de UNESCO la distinci\u00f3n de la Antorcha de Oro por la Cultura de Paz.&nbsp;&nbsp;Tambi\u00e9n en mayo de 2024 nos fue concedida la Medalla al M\u00e9rito con distintivo rojo por parte de la Hermandad\n                      de Guardias Civiles Auxiliares de Espa\u00f1a y ya m\u00e1s recientemente, en septiembre de 2024, se nos concedi\u00f3 la Gran Cruz de los Derechos Humanos, que otorga la Asociaci\u00f3n de los Derechos Humanos e Intervenci\u00f3n Policial y Militar.<\/p>\n                    <p>Hemos firmado diferentes convenios y hermanamientos con otras Asociaciones (RAGCE, Hermandad de Veteranos Legionarios de Elda-Petrer, Hermandad de Guardias Civiles Auxiliares de Espa\u00f1a, Asociaci\u00f3n Catalana de Soldados Veteranos de\n                      Monta\u00f1a, Real Liga Naval Espa\u00f1ola, etc.).<\/p>\n                    <p>Tambi\u00e9n hemos tenido otros momentos m\u00e1s emotivos como fue el 18 de mayo de 2024, cuando entregamos a la Virgen del Pilar un Manto realizado y sufragado por aportaciones voluntarias de los socios.<\/p>\n                    <p>Celebramos en el mes de Diciembre la Festividad de la Inmaculada Concepci\u00f3n, que tenemos acogida como Patrona de nuestra Asociaci\u00f3n, Patrona que tambi\u00e9n lo fuera en su d\u00eda del Cuerpo de Tropas de Socorro.&nbsp;&nbsp;Celebramos cada\n                      a\u00f1o los d\u00edas 6, 7, 8 y 9 de diciembre una reuni\u00f3n en Zaragoza, localidad donde se encuentra la Sede Nacional, y celebramos un acto Civico-Militar, en el que se rinden honores a los socios fallecidos en el a\u00f1o, se imponen condecoraciones\n                      y se entregan recompensas, para posteriormente celebrar una Eucarist\u00eda en honor a la Inmaculada Concepci\u00f3n.<\/p>\n                    <p>En el a\u00f1o 2021, en el transcurso de esta celebraci\u00f3n, nombramos Madrina de la Asociaci\u00f3n a la Excma. Sra.&nbsp;D\u00aa Carmen Izquierdo, Condesa de Bureta, quien nos acompa\u00f1\u00f3 en la bendici\u00f3n de nuestra bandera haciendo entrega de esta a\n                      nuestro presidente.&nbsp;Desde esa fecha, est\u00e1 presente en todas nuestras celebraciones.<\/p>\n                    <p>Hemos creado el Premio a los Valores Humanitarios \u201cCondesa de Bureta\u201d, que, con car\u00e1cter bianual, entregamos a aquella persona f\u00edsica o jur\u00eddica que haya destacado por su labor humanitaria hacia los dem\u00e1s.<\/p>\n                    <p>Tambi\u00e9n editamos una revista con car\u00e1cter semestral, en la que se recogen las actividades realizadas durante el semestre, con amplia informaci\u00f3n escrita y fotogr\u00e1fica.<\/p>\n                    <p>En el mes de enero de 2025, el delegado del Gobierno en Arag\u00f3n, nos hizo la entrega oficial de la bandera Nacional, una ense\u00f1a realizada en seda y sat\u00e9n, bordada en hilos de seda, plata y oro y con detalles de pedrer\u00eda, bandera que\n                      fue donada por un miembro de la Asociaci\u00f3n.<\/p>\n                    <p>Con el fin de extender ante la sociedad el conocimiento de todo lo que en los a\u00f1os de existencia del Cuerpo de Tropas de Socorro y de Cruz Roja del Mar, con motivo del 150 aniversario de la batalla de Oroquieta (bautismo de fuego de\n                      los camilleros de Cruz Roja), realizamos una exposici\u00f3n fotogr\u00e1fica en Zaragoza, recogiendo una serie de fotograf\u00edas retrospectivas a tama\u00f1o de gran formato, exposici\u00f3n que con car\u00e1cter itinerante empez\u00f3 a recorrer diversas localidades\n                      habiendo estado tambi\u00e9n expuesta en la localidad de Elda (Alicante).<\/p>\n                    <p>Siguiendo con este mismo deseo de dar a conocer nuestra historia, tenemos dos grandes proyectos en curso, el primero y que ya est\u00e1 en fase de finalizar, es la edici\u00f3n y publicaci\u00f3n de un libro en el que se recogen una cincuentena de\n                      relatos, escritos por los propios protagonistas, y relativos a sus vivencias en los diferentes operativos en los que prestaron servicio en el Cuerpo de Tropas de Socorro.&nbsp;&nbsp;Y otro proyecto que ya est\u00e1 empezado, pero va para\n                      m\u00e1s largo plazo es erigir un Monumento en homenaje al Voluntario del Cuerpo de Tropas de Socorro, que ser\u00e1 una escultura a tama\u00f1o natural en bronce sobre un pedestal de piedra o material similar que se instalar\u00e1, en un principio\n                      en un lugar adecuado en la ciudad de Zaragoza.<\/p>\n                    <p>Y esta es nuestra peque\u00f1a historia, que gracias a los socios que aportan sus ideas y trabajo, vamos llevando a cabo d\u00eda a d\u00eda y que por supuesto vamos a seguir llevando adelante por mucho tiempo.<\/p>\n                  <\/div>\n                <\/div>\n              <\/div>\n            <\/div>\n          <\/div>\n        <\/div>\n      <\/div>\n    <\/div>\n  <\/div>\n<\/div>","protected":false},"excerpt":{"rendered":"<p>Corr\u00eda el a\u00f1o 2020 y en plena pandemia, hubo un grupo de antiguos [&hellip;]<\/p>\n","protected":false},"author":1,"featured_media":0,"parent":0,"menu_order":0,"comment_status":"closed","ping_status":"closed","template":"page-templates\/full-width-page.php","meta":{"footnotes":""},"class_list":["post-467","page","type-page","status-publish","hentry"],"_links":{"self":[{"href":"https:\/\/aevbts.org\/index.php?rest_route=\/wp\/v2\/pages\/467","targetHints":{"allow":["GET"]}}],"collection":[{"href":"https:\/\/aevbts.org\/index.php?rest_route=\/wp\/v2\/pages"}],"about":[{"href":"https:\/\/aevbts.org\/index.php?rest_route=\/wp\/v2\/types\/page"}],"author":[{"embeddable":true,"href":"https:\/\/aevbts.org\/index.php?rest_route=\/wp\/v2\/users\/1"}],"replies":[{"embeddable":true,"href":"https:\/\/aevbts.org\/index.php?rest_route=%2Fwp%2Fv2%2Fcomments&post=467"}],"version-history":[{"count":3,"href":"https:\/\/aevbts.org\/index.php?rest_route=\/wp\/v2\/pages\/467\/revisions"}],"predecessor-version":[{"id":610,"href":"https:\/\/aevbts.org\/index.php?rest_route=\/wp\/v2\/pages\/467\/revisions\/610"}],"wp:attachment":[{"href":"https:\/\/aevbts.org\/index.php?rest_route=%2Fwp%2Fv2%2Fmedia&parent=467"}],"curies":[{"name":"wp","href":"https:\/\/api.w.org\/{rel}","templated":true}]}}

<div data-colibri-id="467-c1" class="style-424 style-local-467-c1 position-relative">
  <!---->
  <div data-colibri-component="section" data-colibri-id="467-c2" id="blank" class="h-section h-section-global-spacing d-flex align-items-lg-center align-items-md-center align-items-center style-441 style-local-467-c2 position-relative">
    <!---->
    <!---->
    <div class="h-section-grid-container h-section-boxed-container">
      <!---->
      <div data-colibri-id="467-c3" class="h-row-container gutters-row-lg-2 gutters-row-md-2 gutters-row-0 gutters-row-v-lg-2 gutters-row-v-md-2 gutters-row-v-2 style-442 style-local-467-c3 position-relative">
        <!---->
        <div class="h-row justify-content-lg-center justify-content-md-center justify-content-center align-items-lg-stretch align-items-md-stretch align-items-stretch gutters-col-lg-2 gutters-col-md-2 gutters-col-0 gutters-col-v-lg-2 gutters-col-v-md-2 gutters-col-v-2">
          <!---->
          <div class="h-column h-column-container d-flex h-col-lg-auto h-col-md-auto h-col-auto style-443-outer style-local-467-c4-outer">
            <div data-colibri-id="467-c4" class="d-flex h-flex-basis h-column__inner h-px-lg-2 h-px-md-2 h-px-2 v-inner-lg-2 v-inner-md-2 v-inner-2 style-443 style-local-467-c4 position-relative">
              <!---->
              <!---->
              <div class="w-100 h-y-container h-column__content h-column__v-align flex-basis-100 align-self-lg-start align-self-md-start align-self-start">
                <!---->
                <div data-colibri-id="467-c5" class="d-block style-449 style-local-467-c5 position-relative h-element">
                  <!---->
                  <div class="h-image__frame-container-outer">
                    <div class="h-image__frame-container">
                      <!---->
                      <!---->
                      <img loading="lazy" decoding="async" width="360" height="453" src="https://aevbts.org/wp-content/uploads/2025/05/cropped-cropped-cropped-Imagen-de-WhatsApp-2025-05-07-a-las-23.34.03_e73c472f.jpg" class="wp-image-601 style-449-image style-local-467-c5-image" alt="" srcset="https://aevbts.org/wp-content/uploads/2025/05/cropped-cropped-cropped-Imagen-de-WhatsApp-2025-05-07-a-las-23.34.03_e73c472f.jpg 360w, https://aevbts.org/wp-content/uploads/2025/05/cropped-cropped-cropped-Imagen-de-WhatsApp-2025-05-07-a-las-23.34.03_e73c472f-238x300.jpg 238w" sizes="auto, (max-width: 360px) 100vw, 360px" />
                      <div class="h-image__frame h-hide-lg h-hide-md h-hide-sm style-449-frameImage style-local-467-c5-frameImage"></div>
                    </div>
                  </div>
                </div>
              </div>
            </div>
          </div>
          <div class="h-column h-column-container d-flex h-col-lg-auto h-col-md-auto h-col-auto style-444-outer style-local-467-c6-outer">
            <div data-colibri-id="467-c6" class="d-flex h-flex-basis h-column__inner h-px-lg-2 h-px-md-2 h-px-2 v-inner-lg-2 v-inner-md-2 v-inner-2 style-444 style-local-467-c6 position-relative">
              <!---->
              <!---->
              <div class="w-100 h-y-container h-column__content h-column__v-align flex-basis-100 align-self-lg-start align-self-md-start align-self-start">
                <!---->
                <div data-colibri-id="467-c7" class="h-text h-text-component style-450 style-local-467-c7 position-relative h-element">
                  <!---->
                  <!---->
                  <div class="">
                    <p>Corría el año 2020 y en plena pandemia, hubo un grupo de antiguos miembros del Cuerpo de Tropas de Socorro de Cruz Roja Española que tuvieron la idea de reunirse y de constituir una Asociación de Veteranos en la que se reunieran aquellos
                      hombres y mujeres que en su día vistieran los uniformes del Cuerpo de Tropas de Socorro de Cruz Roja y de Cruz Roja del Mar.</p>
                    <p>Ese 17 de septiembre de 2020, quedó constituida nuestra Asociación Española de Veteranos de las Brigadas de Tropas de Socorro, con un objetivo claro que no era y es otro que dar a conocer a la sociedad actual el trabajo que en aquellos
                      años desde 1872 hasta 1988, realizaron estas personas, voluntaria y altruistamente, así como el poner en el lugar que le corresponde a dicho trabajo y dichas personas.</p>
                    <p>Desde entonces, la Asociación ha ido creciendo y lo que en un principio fue una simple reunión de 3 personas, pronto fue tomando forma y actualmente, la Asociación, tiene cerca de 100 socios, repartidos por toda la geografía española,
                      con una Sede Nacional en Zaragoza y Delegaciones de Zona en las distintas Comunidades Autónomas.</p>
                    <p>Han pasado, hasta el momento de escribir estas líneas, casi cinco años y aparte del crecimiento de asociados, se han realizado infinidad de actos y se ha asistido invitados a decenas de actos organizados por otras Asociaciones o estamentos
                      Civiles y Militares, en los cuales se nos tiene en buena estima y muy bien reconocidos.</p>
                    <p>En junio de 2022 se nos concedió por parte de UNESCO la distinción de la Antorcha de Oro por la Cultura de Paz.&nbsp;&nbsp;También en mayo de 2024 nos fue concedida la Medalla al Mérito con distintivo rojo por parte de la Hermandad
                      de Guardias Civiles Auxiliares de España y ya más recientemente, en septiembre de 2024, se nos concedió la Gran Cruz de los Derechos Humanos, que otorga la Asociación de los Derechos Humanos e Intervención Policial y Militar.</p>
                    <p>Hemos firmado diferentes convenios y hermanamientos con otras Asociaciones (RAGCE, Hermandad de Veteranos Legionarios de Elda-Petrer, Hermandad de Guardias Civiles Auxiliares de España, Asociación Catalana de Soldados Veteranos de
                      Montaña, Real Liga Naval Española, etc.).</p>
                    <p>También hemos tenido otros momentos más emotivos como fue el 18 de mayo de 2024, cuando entregamos a la Virgen del Pilar un Manto realizado y sufragado por aportaciones voluntarias de los socios.</p>
                    <p>Celebramos en el mes de Diciembre la Festividad de la Inmaculada Concepción, que tenemos acogida como Patrona de nuestra Asociación, Patrona que también lo fuera en su día del Cuerpo de Tropas de Socorro.&nbsp;&nbsp;Celebramos cada
                      año los días 6, 7, 8 y 9 de diciembre una reunión en Zaragoza, localidad donde se encuentra la Sede Nacional, y celebramos un acto Civico-Militar, en el que se rinden honores a los socios fallecidos en el año, se imponen condecoraciones
                      y se entregan recompensas, para posteriormente celebrar una Eucaristía en honor a la Inmaculada Concepción.</p>
                    <p>En el año 2021, en el transcurso de esta celebración, nombramos Madrina de la Asociación a la Excma. Sra.&nbsp;Dª Carmen Izquierdo, Condesa de Bureta, quien nos acompañó en la bendición de nuestra bandera haciendo entrega de esta a
                      nuestro presidente.&nbsp;Desde esa fecha, está presente en todas nuestras celebraciones.</p>
                    <p>Hemos creado el Premio a los Valores Humanitarios “Condesa de Bureta”, que, con carácter bianual, entregamos a aquella persona física o jurídica que haya destacado por su labor humanitaria hacia los demás.</p>
                    <p>También editamos una revista con carácter semestral, en la que se recogen las actividades realizadas durante el semestre, con amplia información escrita y fotográfica.</p>
                    <p>En el mes de enero de 2025, el delegado del Gobierno en Aragón, nos hizo la entrega oficial de la bandera Nacional, una enseña realizada en seda y satén, bordada en hilos de seda, plata y oro y con detalles de pedrería, bandera que
                      fue donada por un miembro de la Asociación.</p>
                    <p>Con el fin de extender ante la sociedad el conocimiento de todo lo que en los años de existencia del Cuerpo de Tropas de Socorro y de Cruz Roja del Mar, con motivo del 150 aniversario de la batalla de Oroquieta (bautismo de fuego de
                      los camilleros de Cruz Roja), realizamos una exposición fotográfica en Zaragoza, recogiendo una serie de fotografías retrospectivas a tamaño de gran formato, exposición que con carácter itinerante empezó a recorrer diversas localidades
                      habiendo estado también expuesta en la localidad de Elda (Alicante).</p>
                    <p>Siguiendo con este mismo deseo de dar a conocer nuestra historia, tenemos dos grandes proyectos en curso, el primero y que ya está en fase de finalizar, es la edición y publicación de un libro en el que se recogen una cincuentena de
                      relatos, escritos por los propios protagonistas, y relativos a sus vivencias en los diferentes operativos en los que prestaron servicio en el Cuerpo de Tropas de Socorro.&nbsp;&nbsp;Y otro proyecto que ya está empezado, pero va para
                      más largo plazo es erigir un Monumento en homenaje al Voluntario del Cuerpo de Tropas de Socorro, que será una escultura a tamaño natural en bronce sobre un pedestal de piedra o material similar que se instalará, en un principio
                      en un lugar adecuado en la ciudad de Zaragoza.</p>
                    <p>Y esta es nuestra pequeña historia, que gracias a los socios que aportan sus ideas y trabajo, vamos llevando a cabo día a día y que por supuesto vamos a seguir llevando adelante por mucho tiempo.</p>
                  </div>
                </div>
              </div>
            </div>
          </div>
        </div>
      </div>
    </div>
  </div>
</div>

<p>Corría el año 2020 y en plena pandemia, hubo un grupo de antiguos [&hellip;]</p>
